ase 8) to base 15.
302a
What is 30446 (base 8) in base 6?
134130
What is 141624 (base 7) in base 2?
110100110111010
-3793 (base 16) to base 13
-6625
Convert 28c (base 13) to base 4.
13012
Convert dc2c (base 15) to base 5.
2442432
-212101 (base 3) to base 2
-1001110111
What is -4c1 (base 16) in base 7?
-3356
What is 137a (base 11) in base 15?
7db
What is -2590 (base 12) in base 13?
-1c47
Convert -a58a (base 11) to base 8.
-33275
Convert -1133 (base 5) to base 10.
-168
Convert -bc7 (base 13) to base 12.
-1206
333133 (base 6) to base 11
19a83
What is -54554 (base 8) in base 15?
-6bb2
4859 (base 13) to base 12
5ab2
Convert 1000010101111 (base 2) to base 14.
17b1
267 (base 14) to base 10
483
Convert 55152 (base 6) to base 9.
11415
3616 (base 7) to base 5
20321
Convert -201211211 (base 3) to base 10.
-14467
What is -1d04 (base 15) in base 13?
-2b3c
-101111 (base 3) to base 7
-553
-123364 (base 7) to base 10
-22831
330 (base 13) to base 12
396
333b (base 12) to base 15
1a28
-15f (base 16) to base 6
-1343
Convert 108 (base 13) to base 11.
151
100000100101111 (base 2) to base 14
611d
Convert 14084 (base 12) to base 3.
1102001201
Convert 4a6e (base 16) to base 6.
224114
Convert 642 (base 11) to base 3.
1001121
-185a2 (base 11) to base 15
-7a8b
What is -250304 (base 6) in base 8?
-53200
-7211 (base 9) to base 15
-186a
2cc (base 13) to base 4
13322
What is -9250 (base 14) in base 11?
-179a1
What is 20635 (base 8) in base 2?
10000110011101
110001001 (base 2) to base 5
3033
What is 1172 (base 16) in base 3?
20010102
-4585 (base 11) to base 12
-359a
What is -149 (base 14) in base 10?
-261
What is b4 (base 14) in base 16?
9e
-173 (base 8) to base 10
-123
Convert 2629 (base 10) to base 6.
20101
What is 2402 (base 8) in base 14?
678
Convert 100120 (base 3) to base 7.
516
Convert 208 (base 15) to base 16.
1ca
What is -84 (base 13) in base 14?
-7a
Convert -1c97 (base 15) to base 3.
-22112021
-209 (base 14) to base 5
-3101
Convert 16906 (base 13) to base 3.
2012100121
-58c (base 13) to base 14
-4c9
What is 715 (base 10) in base 14?
391
Convert -85a (base 12) to base 9.
-1607
Convert -26a0 (base 14) to base 9.
-10300
Convert 946 (base 10) to base 9.
1261
Convert 10465 (base 8) to base 9.
6034
Convert 716 (base 12) to base 3.
1102000
What is 33221 (base 6) in base 11?
3521
-230 (base 8) to base 3
-12122
813 (base 14) to base 8
3061
What is -12cc (base 16) in base 6?
-34140
Convert 163a (base 12) to base 9.
3551
What is 133134 (base 5) in base 9?
7381
315 (base 9) to base 7
515
What is 12778 (base 12) in base 14?
9308
Convert bda (base 16) to base 13.
14c5
Convert -5612 (base 16) to base 11.
-15611
Convert -182 (base 15) to base 11.
-296
1620 (base 7) to base 5
10101
Convert 173e (base 15) to base 13.
2384
What is 333113 (base 4) in base 13?
1acc
What is -1010011000 (base 2) in base 10?
-664
-5279 (base 14) to base 4
-3132023
Convert -167b (base 15) to base 7.
-20054
What is 845 (base 13) in base 4?
112001
Convert -190 (base 15) to base 9.
-440
What is -2130 (base 5) in base 6?
-1202
Convert -416 (base 9) to base 13.
-201
Convert -136 (base 9) to base 8.
-162
What is 6a5 (base 13) in base 7?
3231
2110120002 (base 3) to base 7
261314
Convert -88 (base 11) to base 16.
-60
What is -13112 (base 4) in base 2?
-111010110
756 (base 8) to base 5
3434
537 (base 16) to base 8
2467
What is -221120 (base 3) in base 10?
-690
-135 (base 14) to base 9
-300
What is -110341 (base 5) in base 9?
-5243
-1102424 (base 6) to base 14
-160a4
73b (base 13) to base 10
1233
What is 11210102 (base 3) in base 14?
13b8
What is a5a (base 11) in base 5?
20100
What is -133433 (base 5) in base 15?
-1963
-52043 (base 7) to base 10
-12722
-10f6 (base 16) to base 15
-1447
30bc (base 13) to base 16
1a5a
What is -722 (base 8) in base 9?
-567
Convert 2121 (base 7) to base 5.
11000
What is -1000011001100 (base 2) in base 3?
-12220021
Convert 4336 (base 7) to base 2.
11000001010
Convert -32860 (base 12) to base 6.
-1233400
What is 958 (base 10) in base 2?
1110111110
Convert -3123013 (base 4) to base 5.
-422043
What is -4580 (base 10) in base 14?
-1952
What is -350b (base 15) in base 11?
-8508
632 (base 8) to base 11
343
Convert -125400 (base 6) to base 2.
-10110101001000
What is -7606 (base 12) in base 9?
-18706
What is dbc1 (base 14) in base 11?
26603
-779 (base 12) to base 13
-669
What is -1120 (base 7) in base 5?
-3111
3400 (base 8) to base 4
130000
-712 (base 8) to base 2
-111001010
Convert -11001010011110 (base 2) to base 3.
-122202221
-13012 (base 4) to base 6
-2034
What is 1b54 (base 12) in base 7?
12562
What is -415ab (base 12) in base 13?
-2cc09
Convert 4a3 (base 11) to base 16.
255
213234 (base 5) to base 13
3440
-c98b (base 15) to base 9
-64455
What is -11000111000 (base 2) in base 9?
-2158
What is -2a0 (base 11) in base 12?
-254
What is -87a4 (base 15) in base 11?
-1a648
Convert -23241 (base 5) to base 13.
-a06
Convert 2267 (base 10) to base 15.
a12
19da (base 16) to base 8
14732
14507 (base 9) to base 10
9889
Convert 730 (base 10) to base 4.
23122
What is -60 (base 15) in base 3?
-10100
-1114 (base 10) to base 4
-101122
What is -21010101 (base 3) in base 13?
-2497
a3 (base 12) to base 7
234
Convert c784 (base 15) to base 9.
63787
What is -20011002 (base 3) in base 12?
-2718
Convert 19384 (base 11) to base 4.
12213003
-5135 (base 6) to base 5
-14024
Convert -29cb (base 14) to base 15.
-2306
What is -4646 (base 14) in base 10?
-12214
What is 13345 (base 6) in base 4?
200201
2a1c (base 13) to base 5
143414
What is -212210 (base 4) in base 13?
-117b
-9ea (base 16) to base 3
-10111000
Convert -365 (base 9) to base 4.
-10232
What is 1011101001011 (base 2) in base 16?
174b
What is -1120212012 (base 3) in base 10?
-31244
Convert 40aa2 (base 12) to base 3.
11021220212
4878 (base 16) to base 9
27403
What is 83a (base 12) in base 4?
102232
-5314 (base 8) to base 14
-1016
Convert 22131310 (base 4) to base 8.
123564
Convert 2033 (base 8) to base 5.
13201
-1105 (base 12) to base 8
-3525
-61 (base 11) to base 4
-1003
What is -32201 (base 4) in base 9?
-1242
417 (base 14) to base 6
3421
What is 1223 (base 13) in base 5?
40224
Convert -11110011010100 (base 2) to base 10.
-15572
What is 40423 (base 5) in base 10?
2613
Convert -22201 (base 7) to base 5.
-134322
Convert -10003 (base 4) to base 12.
-197
Convert 21122220 (base 3) to base 5.
134321
-11100000 (base 2) to base 9
-268
Convert -6be2 (base 16) to base 15.
-82b3
-457 (base 15) to base 16
-3d6
Convert 2654c (base 13) to base 4.
101120231
What is -806 (base 12) in base 16?
-486
-2375 (base 11) to base 6
-22215
-5808 (base 13) to base 2
-11000000111001
Convert -514313 (base 6) to base 5.
-2304112
What is -151 (base 13) in base 11?
-1a4
-36723 (base 8) to base 3
-210201012
-4222 (base 10) to base 8
-10176
Convert -3521 (base 12) to base 7.
-23200
Convert 223 (base 7) to base 11.
a5
What is -28b02 (base 13) in base 4?
-102230033
Convert -332123 (base 5) to base 9.
-16740
Convert -2077 (base 9) to base 7.
-4312
What is -1121201 (base 3) in base 6?
-5244
1204 (base 5) to base 6
455
Convert -26004 (base 7) to base 3.
-100102020
Convert -11000 (base 7) to base 11.
-2075
-2445 (base 8) to base 15
-5cc
Convert -2121102 (base 3) to base 5.
-30101
Convert -160552 (base 7) to base 10.
-31495
What is 33014 (base 5) in base 16?
8d3
-110011011 (base 2) to base 5
-3121
What is 10100101111010 (base 2) in base 16?
297a
What is -229 (base 13) in base 12?
-271
What is -320033 (base 5) in base 6?
-121135
-116 (base 13) to base 15
-c8
Convert -26306 (base 9) to base 3.
-220100020
Convert -17766 (base 12) to base 6.
-421010
What is 16902 (base 10) in base 12?
9946
-247 (base 12) to base 15
-17d
1111111001111 (base 2) to base 9
12147
What is 200533 (base 6) in base 7?
63633
Convert -14300 (base 5) to base 11.
-9a1
110 (base 11) to base 5
1012
-21230 (base 4) to base 10
-620
22100 (base 4) to base 14
34c
135 (base 10) to base 5
1020
What is -60b (base 14) in base 2?
-10010100011
Convert -5301 (base 6) to base 3.
-1122001
-15142 (base 6) to base 10
-2438
What is 56 (base 11) in base 3?
2021
What is -17387 (base 11) in base 13?
-b162
Convert 100202 (base 3) to base 5.
2023
Convert -120501 (base 6) to base 11.
-7a20
Convert 1c9 (base 15) to base 10.
414
What is -3510 (base 16) in b